he highest common divisor of b and l.
22
Let d = 213 + -174. Calculate the highest common factor of 6 and d.
3
Let u = -1 + 1. Let c be 3 + (u - 2) - -15. Suppose -4*r - 214 + 726 = 0. Calculate the greatest common factor of r and c.
16
Let j(s) = -14*s. Let h be j(-4). Let c be 1 + h - (-3 + 5). Let f be 2/(-6)*-13 + 4/6. What is the highest common divisor of c and f?
5
Let n = 10246 + -6022. What is the highest common divisor of 32 and n?
32
Suppose 80*h + 27 = 81*h. Calculate the highest common divisor of 18 and h.
9
Let w(b) = b**3 + 12*b**2 - 69*b - 25. Let n be w(-16). Calculate the highest common factor of 1595 and n.
55
Let o be (-3 - -195 - 4)*1. Calculate the highest common factor of 94 and o.
94
Suppose -14*c - 66 = -808. Let t = 54 - c. What is the greatest common divisor of 8 and t?
1
Suppose 3*k - 87 = 3*p, 52*p = 4*k + 57*p - 107. Calculate the highest common divisor of k and 812.
28
Let h = 458 - 453. What is the greatest common divisor of h and 70?
5
Suppose -4*n - 212 = 4*s, -s + 0*n - 71 = -5*n. Let i = -29 - s. Calculate the highest common factor of 18 and i.
9
Let p be (-590)/(-5)*(5 + -1) - -4. Let h be -3*(p/(-12))/7. What is the highest common factor of h and 17?
17
Let c = -7 + 4. Suppose 0 = -2*f + 3*k, f + 4*k + 3 = 7*k. Let d be (0 - (f + c)) + 5. What is the highest common divisor of d and 40?
5
Suppose 0 = -0*k - 3*k + 33. Suppose -5 = -4*y - y. Let t be 76/(5 + -4) - (0 - y). Calculate the greatest common factor of t and k.
11
Suppose -5*o + 5*w = -15, 3*w - 7*w + 20 = 4*o. Suppose 0 = -o*d + 2*d - 2*h + 22, d - h - 15 = 0. What is the highest common divisor of 91 and d?
13
Let p = 264 + -129. What is the greatest common divisor of p and 5?
5
Let s(k) = 786*k + 57. Let d be s(3). Calculate the highest common factor of 35 and d.
35
Let g be (-2 + (-33 - 3))/(-2). Suppose -4*v = 3*l + g - 51, -5*v = -2*l - 40. Suppose -12 = -3*d - 0*d. Calculate the greatest common divisor of v and d.
4
Suppose 2*t + 4*g = -86, -4*g + 8*g + 227 = -5*t. Let h = 80 + t. What is the greatest common divisor of h and 3?
3
Let z(v) = 23*v - 1. Let u be z(-1). Let n be (u/1)/(-2) - 14/14. Calculate the highest common divisor of 22 and n.
11
Let v = 22 - -11. Let q be 6/v + (-14)/77. Suppose 3*w - 35 = -4*p + 7, -4*p = q. What is the highest common divisor of 42 and w?
14
Suppose 4*c - 102 = 3*v, -v + c = 3*c + 24. Let q be 298/14 + v/105. What is the highest common factor of 105 and q?
21
Let h be 82019/(-21) - (3 + 8/(-3)). Suppose 3*u = -0*u + 195. Let j be (-10)/u - h/39. What is the greatest common divisor of j and 20?
20
Suppose 6*j - 4*j - 1046 = 4*t, -5*j - 4*t + 2671 = 0. Calculate the highest common divisor of j and 9.
9
Let o be (51/(-12))/(-2 + 46/24). What is the greatest common factor of o and 221?
17
Let p = -160 - -166. Let x(y) = y + 3*y**2 - 2*y + 0*y. Let i be x(3). What is the highest common divisor of p and i?
6
Suppose 36*x - 52 = 32*x. What is the highest common divisor of x and 949?
13
Suppose 4*z = -6*z + 220. What is the highest common factor of z and 209?
11
Let i = 873 + -847. Calculate the greatest common factor of 377 and i.
13
Let v(z) = z**2 - 2*z - 1. Let x be v(3). Let o be (-639)/(-27) - x/(-6). Let b = 8 + -5. What is the highest common divisor of o and b?
3
Suppose 4*l + 2 = 3*z + 8, 3*z + 30 = -4*l. Let i(g) = -g**3 - 5*g**2 + 3*g + 6. Let d be i(z). What is the greatest common divisor of 72 and d?
24
Let k be (-4)/((-10)/45 - 0). Let o be k/(-27) + (-148)/(-6). Calculate the greatest common divisor of 24 and o.
24
Suppose -l = l - 6. Suppose l*k = 4*k. Suppose k*f - 3*f + 21 = 0. What is the highest common divisor of f and 1?
1
Suppose 0 = -3*y - p + 16 + 7, -44 = -4*y + 2*p. Let u be (y/(-6))/(-3 - 567/(-192)). What is the highest common divisor of u and 16?
16
Let u = -319 - -213. Let s = 111 + u. Suppose -2*r - r + 45 = 0. What is the highest common divisor of s and r?
5
Let y(l) = l**2 - 53*l + 208. Let q be y(4). Calculate the highest common factor of 708 and q.
12
Suppose 25*u - 430 = 15*u. Calculate the greatest common divisor of 1075 and u.
43
Suppose 626 = 17*h - 13*h + 2*y, 3*y = 3*h - 465. Calculate the highest common divisor of h and 234.
78
Suppose 2*w - 418 = -5*z, 0 = -4*w + 34 - 38. Let h be (16/(-6))/((-4)/42). What is the highest common factor of h and z?
28
Let u = -131 - -227. Suppose 6*d = d - 315. Let j be 4/14 - 1494/d. Calculate the greatest common factor of j and u.
24
Suppose -2*z - 8 = 0, -5*z + 13 = -4*c - 3. Let b = c - -14. Suppose -88 = -3*n + b*u, -2*u = -5*n + n + 94. What is the highest common factor of 63 and n?
21
Suppose -70 = 773*v - 774*v. What is the greatest common factor of 40 and v?
10
Let v be 9212/18 - 76/(-342). What is the greatest common factor of v and 96?
32
Let c be ((-18)/90)/(2/(-10)). Let w be 4/(3 + c - 2). Let r be (-2 - 0)/(w/(-6)). What is the greatest common divisor of r and 30?
6
Let p = -237 - -626. Suppose -p = -3*s - 14. What is the greatest common factor of s and 25?
25
Let o(g) = -2*g**3 - 18*g**2 - 11*g + 47. Let h be o(-15). What is the highest common divisor of 91 and h?
91
Suppose 81 = 16*z - 13*z. What is the greatest common factor of z and 72?
9
Let o = -605 - -1039. What is the highest common divisor of 14 and o?
14
Suppose 5*u + 3*y + 5 = 0, 3 - 8 = y. Let i = 46 - u. What is the highest common factor of i and 4?
4
Let l be (-1060)/(-130) + -2 + 48/26. Suppose -l*x + 1755 = 5*x. Calculate the greatest common factor of x and 15.
15
Let g = 70 - 133. Let r = -52 - g. Calculate the highest common factor of r and 99.
11
Let l(c) = 3*c - 27. Let s = 17 - 12. Let p(d) = -2*d + 18. Let k(i) = s*l(i) + 7*p(i). Let w be k(13). Calculate the greatest common factor of w and 16.
4
Let g be 10 - (-64)/((-80)/10). Let c(w) = -w**2 + w + 3. Let r be c(0). What is the greatest common factor of r and g?
1
Let d = 1357 + -1273. Let k(q) = q + 3. Let o be k(0). Suppose 2*s - 48 = -o*v - s, -4*s + 28 = v. What is the highest common factor of v and d?
12
Let q = 254 - 244. What is the greatest common factor of 5 and q?
5
Suppose y + 36 = 4*y. Let x = y + -3. Suppose -p = -g - x, 9 = 3*p - g - 24. Calculate the greatest common divisor of 12 and p.
12
Suppose 4*a - i + 331 = -0*a, 0 = -5*a + 2*i - 416. Let x = -58 - a. Let r(s) = s + 6. Let v be r(-3). What is the highest common factor of x and v?
3
Let v(n) = 29*n + 3 - n - 10. Let m be v(3). Suppose -2*p + 0*p = -5*o + 45, 0 = 2*o + 3*p + 1. Calculate the highest common divisor of o and m.
7
Let t be -6 + (-20)/5 - -4. Let f(i) = -4*i + 5. Let u be f(t). What is the highest common factor of 87 and u?
29
Let z(d) = -d**3 - 3*d**2 - d + 62. Let c be ((-3)/5 - (-9)/15)/3. Let b be z(c). What is the highest common divisor of 155 and b?
31
Let g be 9/18*(62 - -2). Suppose 28*v + 576 = g*v. What is the greatest common divisor of v and 16?
16
Let c(l) = -4*l - 24. Let b be c(-8). Suppose -2*t = -2*r - 186, 4*t - 6*r - 354 = -b*r. What is the greatest common divisor of t and 60?
30
Let x be (1 - 0)/(6/360). Suppose -x = -3*y - 2*y. What is the highest common divisor of 6 and y?
6
Suppose 0 = -2*s - 3*p + 18, 0*s + 2*p + 2 = s. Suppose -4*t = -s*t + 20. Suppose -20*u + 630 = -11*u. Calculate the highest common divisor of t and u.
10
Let s(c) = -2*c**2 + 5*c - 2. Let n(v) = -v**2 + 6*v - 1. Let t(j) = -3*n(j) + 2*s(j). Let l be t(-5). What is the highest common divisor of 2 and l?
2
Let w(u) = 16*u + 115. Let a be w(5). Calculate the highest common factor of 45 and a.
15
Let f(c) = -84*c + 32. Let a be f(-4). What is the highest common divisor of 16 and a?
16
Suppose -2*l - 9*r = -8*r - 61, -2*l - 5*r = -73. What is the greatest common divisor of l and 5?
1
Suppose 4*k - 380 = -0*n + n, n + 475 = 5*k. Calculate the greatest common factor of 19 and k.
19
Let n = 8 - 6. Let w = 52 - 51. Suppose 2*t = 3*t - w. Calculate the greatest common factor of t and n.
1
Suppose 19*r = 6331 + 2694. Calculate the highest common factor of 76 and r.
19
Let z(t) = 8 - 2 - 13*t - 10*t**2 + 9*t**2. Let g be z(-13). What is the highest common divisor of 6 and g?
6
Let n be 8*3/2*(-66)/(-99). What is the greatest common factor of n and 8?
8
Let l(z) = -113*z - 400. Let n be l(-16). What is the greatest common factor of n and 8